-79*l + 76*l + 69. Calculate the remainder when 114/10*(0 - -5) is divided by l.
11
Suppose 4 = k, 0*b + b - 2*k - 23 = 0. Let f = 58 - b. What is the remainder when 50 is divided by f?
23
Let q(l) = -l - 2. Let j be q(-10). Let i(d) = d + 2. What is the remainder when 19 is divided by i(j)?
9
Let y be (15/20)/(2/(-6 + -2)). Calculate the remainder when 17 is divided by -3*(11/y - 0).
6
Let v = 1035 + -945. Calculate the remainder when 1077 is divided by v.
87
Let d(t) be the third derivative of -t**4/24 + t**3 - 17*t**2. What is the remainder when 7 is divided by d(3)?
1
Let x(d) = d**2 - 2*d + 3. Let g = 4 + -2. Let w be x(g). Suppose -w*r + 30 = -3*f, -3*r = -4*f - 0 - 34. Calculate the remainder when r is divided by 2.
0
What is the remainder when 103 is divided by (-68)/(-4) - (-8)/2?
19
Let b(v) = 6*v - 4. Let y be 2/9 - 6076/(-36). What is the remainder when b(7) is divided by (3 - 1)/(26/y)?
12
Let y(d) = 3*d**2 + 6*d + 6. What is the remainder when y(-4) is divided by 17?
13
Suppose 74*y - 78*y = 6*h - 142, 4*y - 147 = -h. Let w = -17 + 27. Suppose w = -2*s + 3*s. What is the remainder when y is divided by s?
7
Let u(w) = 15 + 5 + 9 - w. Suppose 0 = -n - 3*i + 15, -2*n + 3*i + 4 = 1. What is the remainder when u(14) is divided by n?
3
What is the remainder when 733 is divided by 24/(-56) - 8/14*-41?
20
Suppose -2*r = r - 456. Calculate the remainder when r is divided by (-3*(20 + -3))/(-3).
16
Let p(m) = m**2 + 5*m + 6. Suppose 2 = i + 8. Suppose -8*z = 1421 - 1685. What is the remainder when z is divided by p(i)?
9
Let h = -1 - -26. What is the remainder when h is divided by (1/3)/(1/27)?
7
Let c(u) = -3*u + 86. What is the remainder when 882 is divided by c(9)?
56
What is the remainder when (-7968)/32*(-1)/3 is divided by 21?
20
Suppose 3*b + 1314 = 4*a - 2722, 4*b = 2*a - 2028. Calculate the remainder when a is divided by 101.
97
Suppose 710 = 20*s - 590. Calculate the remainder when 225 is divided by s.
30
Suppose 3*w + 4*o = 2*w + 1, -5*o = -2*w + 2. Let u(q) = 60*q**2 - q. What is the remainder when u(w) is divided by 21?
17
Suppose -15*y + 201 = -39. What is the remainder when 46 is divided by y?
14
Let t(w) be the second derivative of -15/2*w**2 + 2/3*w**3 + 7*w + 0. What is the remainder when t(6) is divided by 5?
4
Let b = 30 - 28. Suppose -3*y = -b*z - 193, 2*z = 3*y - y - 130. Calculate the remainder when y is divided by 22.
19
Let q(r) = -r**2 + 10*r - 3. Let i be q(8). Let l = -10 + i. What is the remainder when 10/(-4)*(-9 - l) is divided by 11?
8
Suppose 5 - 29 = -4*h. Let x(c) be the second derivative of -c**3/3 - c**2 + 2*c. Calculate the remainder when h is divided by x(-3).
2
Suppose 32 = g + 5*z, -3*g = -2*z - 19 - 77. Calculate the remainder when 96 is divided by g.
0
Let m = -842 + 1034. Calculate the remainder when m is divided by 26.
10
Let i = -2444 + 2588. Calculate the remainder when i is divided by 17.
8
Suppose -4*i + 3*i + 3*j = -13, 3 = 3*i + 3*j. Suppose l - i*l = -30. Calculate the remainder when 56 is divided by l.
6
Calculate the remainder when 79 is divided by 2/(11/(-55)*(3 + -5)).
4
Suppose -5*m - 2*p + 66 = -0*m, -4*p - 36 = -2*m. Let b = -1 - -7. Calculate the remainder when m is divided by -6*(-3 - (-10)/b).
6
Let y(f) = 105*f + 756. What is the remainder when y(-6) is divided by 4?
2
Let n(r) = 3*r + 4. Let p be n(15). Let s = 12 + p. Suppose -236 + s = -5*o. What is the remainder when o is divided by 19?
16
Suppose 0 = 5*x + 25, -23*t - 14 = -22*t + 4*x. What is the remainder when 59 is divided by t?
5
Calculate the remainder when 283 is divided by -5 - 4632/(-60) - (-2)/(-10).
67
Let x be (-456)/14*(-168)/48. Let k = 267 - x. Calculate the remainder when k is divided by 39.
36
Let k be (8/(-10))/(-5 + (-115)/(-25)). Suppose -30 = -2*t - 2*l - 0*l, 0 = -5*t - k*l + 72. What is the remainder when 42 is divided by t?
0
Let r be -2*3/2 + 28. Let l = -4 + r. Let c = 52 - 44. What is the remainder when l is divided by c?
5
Calculate the remainder when 90 is divided by -98*4*2/(-16).
41
Let n(o) = o**2 - o + 2. Let p(g) = -g**2 - 2*g. Let d be p(-3). Let i = 17 + 8. Calculate the remainder when i is divided by n(d).
11
Let v = 202 + -73. Suppose 2*o + o = v. Calculate the remainder when 127 is divided by o.
41
Let o be -5 + (-1 - 48/(-6)). Suppose l - 58 = -x, -3*x + 4*l + 169 = o*l. Suppose 1 = -n + 21. Calculate the remainder when x is divided by n.
17
Let q(u) = 3*u**3 - 2. Let o = 203 - 142. What is the remainder when o is divided by q(2)?
17
Suppose 0 = y - 5*y. Suppose y = -3*g - g. Suppose 12 = w - h - 7, g = 4*w - 5*h - 74. Calculate the remainder when w is divided by 11.
10
Suppose 5*f + 2*z - 611 - 83 = 0, -4 = -2*z. Calculate the remainder when f is divided by 20.
18
Let a(z) = 21*z + 1214. What is the remainder when 2/8 + (-123)/(-4) is divided by a(-57)?
14
Let j(k) = -41*k - 27. What is the remainder when 207 is divided by j(-1)?
11
Suppose 0 = -5*z - 16 - 69. Let p(c) = -c**2 - 18*c + 59. Calculate the remainder when p(z) is divided by 22.
10
Suppose 0 = 4*v - 5*c - 13, 2*c = -2*v + 3*v - 4. Suppose 10*d + v = 12*d. Suppose 0 = i - d - 22. What is the remainder when 44 is divided by i?
21
Let a(x) = -7*x**2 + 7*x**3 - 6*x**3 - 2 - 7*x - 2*x**3. Suppose -7*u + 5*u = 12. What is the remainder when 19 is divided by a(u)?
3
Let o(m) = m**3 - 23*m - 5*m + 87 - 116 + 10*m**2. What is the remainder when 150/(-4)*(-5 + 3) is divided by o(-12)?
18
Suppose 4*a - 1304 = -4*a. Let n = -130 + a. Calculate the remainder when n is divided by 14.
5
Let o = 528 - 489. Calculate the remainder when 175 is divided by o.
19
Let v(h) = 2*h**3 - h**3 - 2 - 2*h - 2*h**3. Suppose 3*i = 5*o - 19, 3*i + 4*o - 2*o + 5 = 0. What is the remainder when v(i) is divided by 17?
14
Let d = -3 + 5. Suppose 0 = 5*q + p + 217 - 263, -4*q + 5*p + 60 = 0. What is the remainder when q is divided by d?
0
Suppose -9*i = 2*p - 6*i - 49, -2*p - 2*i + 46 = 0. What is the remainder when 47 is divided by p?
7
Let t = 2093 + -2078. What is the remainder when 119 is divided by t?
14
Let i = 0 - 2. Let y = i + 3. What is the remainder when 7 is divided by 4/(y - (2 + -2))?
3
Let n(q) = -q**2 + 4*q - 3. Let h = -75 - 69. Let k = -143 - h. Calculate the remainder when k is divided by n(2).
0
Suppose -3*a - 2*f + 38 = -64, -20 = -a + 4*f. Suppose -p - 1 = 9. What is the remainder when a is divided by (8/p)/(4/(-60))?
8
Let m(u) = 3*u**2 - u - 1. Let j = 16 + -11. Suppose 2*w - 4*y + 8*y = 0, j*y + 15 = 5*w. What is the remainder when m(w) is divided by 5?
4
Let g = -82 + 62. Let y = g + 70. Suppose 4*j = h + 75, h + 3*h - 24 = -2*j. What is the remainder when y is divided by j?
14
Let u be -5 + 6 + 181/(-1). Let z = -149 - u. Calculate the remainder when z is divided by 17.
14
Let j(q) = -2*q - 2 - q + q + 3*q. Let u(i) = i + 12. Let s be u(-5). Calculate the remainder when 8 is divided by j(s).
3
Let x = 56 - 58. Calculate the remainder when 20 is divided by x/11 + (-615)/(-55).
9
Suppose u + u - 6 = 0. Suppose -4 = -22*z + 21*z. Calculate the remainder when z is divided by u.
1
Let i = -23 - -60. What is the remainder when i is divided by 12?
1
Let z be (8/6)/(14/(-21)). Let y(b) = -b**2 + 6*b + 1. Calculate the remainder when (1/(-2))/(((-4)/z)/(-140)) is divided by y(4).
8
Suppose -644 = 2*c - 30*c. Let r = 3 - -9. What is the remainder when c is divided by r?
11
Suppose -5*b - 172 = 163. Let v = -40 - b. Calculate the remainder when 80 is divided by v.
26
Let f = 10 - 8. Suppose f*j + m - 9 = 0, 25 = 5*j + 2*m + m. Suppose -2*n = j*n - i - 93, 2*i + 2 = 0. Calculate the remainder when n is divided by 8.
7
Let a be 4 - (-7 - (-3 - -4)). Suppose 0 = -5*q + a + 78. Let j = q + 16. Calculate the remainder when j is divided by 7.
6
Suppose -29*j + 9*j + 680 = 0. What is the remainder when 132 is divided by j?
30
What is the remainder when (-318 + 4)/(-2*(-7)/(-14)) is divided by 35?
34
What is the remainder when 125 is divided by (-588)/343*(-56)/6?
13
Suppose -613*w + 622*w = 2259. What is the remainder when w is divided by 17?
13
Suppose -d + i = -50, 3*d + 2*i - 158 = 7*i. Calculate the remainder when d is divided by (4/5)/((-10)/(-225)).
10
Suppose -4*j + k = -54, 3*j + 2*k - 20 = 15. What is the remainder when 90 is divided b